2 + 21*x + 168. Determine i(31).
-142
Let k(g) = g**3 + 35*g**2 + 121*g - 731. Give k(-30).
139
Let p(j) = 2*j**3 + 128*j**2 - 38*j - 2053. Calculate p(-64).
379
Let x(q) = -3*q**2 + 41*q - 329. Determine x(22).
-879
Let f(y) = 2406*y - 281514. Calculate f(117).
-12
Let j(l) = 3157*l + 17861. What is j(-6)?
-1081
Let c(o) = 19221*o + 153457. Determine c(-8).
-311
Let h(r) = -666*r - 29964. What is h(-45)?
6
Let g(o) = 105*o - 8605. What is g(89)?
740
Let x(q) = 74*q**2 + 623*q - 7356. What is x(-15)?
-51
Let i(m) = 6*m**2 - 283*m + 3308. Give i(25).
-17
Let d(i) = i**2 - 1004*i + 233808. What is d(637)?
29
Let r(o) = o**3 - 304*o**2 - 574*o - 11647. What is r(306)?
-19
Let w(i) = -3*i**3 - 20*i**2 + 271*i + 1769. Give w(-6).
71
Let i(g) = -115*g**2 - 1743*g - 236. What is i(-15)?
34
Let i(g) = -5*g**2 + 3300*g + 19858. Determine i(-6).
-122
Let m(x) = -6*x**2 - 2922*x - 14634. Calculate m(-5).
-174
Let q(d) = -2*d**2 - 2220*d + 6666. What is q(3)?
-12
Let c(l) = 71*l**2 + 1927*l + 99. Calculate c(-27).
-171
Let b(k) = -23978*k - 71893. What is b(-3)?
41
Let i(f) = -40132*f + 120515. Calculate i(3).
119
Let u(h) = 4*h**2 - 56*h - 1451. Calculate u(44).
3829
Let x(w) = -w**2 + 729*w + 12135. Determine x(-16).
215
Let h(a) = 1401*a - 9923. Give h(7).
-116
Let m(f) = -5064*f + 9759. Give m(2).
-369
Let b(p) = -2*p**2 - 96*p + 4878. Give b(31).
-20
Let a(h) = 56*h - 3878. Calculate a(72).
154
Let j(w) = -160*w**2 - 137*w + 40. Calculate j(-1).
17
Let m(x) = 178*x - 336. Calculate m(9).
1266
Let x(o) = -2864852*o + 5729709. Give x(2).
5
Let m(y) = -158*y - 8047. Determine m(-52).
169
Let u(f) = -f**3 + 595*f**2 - 58734*f - 2005. Give u(125).
-5
Let z(v) = -6*v**2 - 8*v + 46. Give z(9).
-512
Let c(d) = 53*d - 2494. Calculate c(54).
368
Let z(o) = 644*o - 5456. Determine z(9).
340
Let c(x) = -40324*x + 363323. Determine c(9).
407
Let t(f) = 30*f**2 - 329*f + 21. Give t(5).
-874
Let q(w) = 3*w**2 - 212*w + 2058. What is q(11)?
89
Let q(l) = -6*l**3 + 38*l**2 + l + 6. Determine q(6).
84
Let w(x) = -3*x**3 - 61*x**2 - 327*x - 513. Calculate w(-15).
792
Let n(x) = -2*x**3 + 279*x**2 - 47*x + 26183. Calculate n(140).
3
Let s(f) = -192*f**2 + 84*f + 84. Calculate s(-1).
-192
Let b(q) = -q**2 - 32*q + 1173. Determine b(-55).
-92
Let r(i) = 9*i**3 + 823*i**2 + 1156*i - 1312. Calculate r(-90).
-52
Let c(z) = 36*z**3 + 216*z**2 + 14*z + 63. Calculate c(-6).
-21
Let g(b) = -42414*b - 551504. What is g(-13)?
-122
Let b(t) = -3*t**3 - 58*t**2 - 439*t - 423. Determine b(-9).
1017
Let v(a) = 617*a**2 + 114147*a + 378. Determine v(-185).
8
Let v(z) = -2523*z**3 + z**2 + z - 247. Calculate v(0).
-247
Let c(w) = 39*w + 7902. What is c(-206)?
-132
Let u(j) = -406349*j + 812695. Calculate u(2).
-3
Let s(f) = -1386*f - 8418. Give s(-6).
-102
Let b(q) = 61*q**2 + 1280*q - 34. Give b(-21).
-13
Let l(v) = 151*v - 5907. What is l(39)?
-18
Let c(i) = -2*i**3 + 3*i**2 + 61*i + 570. What is c(0)?
570
Let u(q) = q**3 + 150*q**2 + 3946*q + 198. Calculate u(-116).
-34
Let o(a) = -76*a**2 - 418*a - 1248. What is o(-3)?
-678
Let y(a) = 2*a**3 + 41*a**2 + 1060*a + 4529. Give y(-5).
4
Let s(n) = -n**3 + 114*n**2 - 11*n - 589. Calculate s(114).
-1843
Let g(c) = 1132*c - 11311. Determine g(10).
9
Let b(a) = -6*a**3 - 22*a**2 + 108*a + 816. Calculate b(-8).
1616
Let w(l) = -2*l**2 + 10504*l - 1181522. Calculate w(115).
-12
Let g(q) = 3*q**3 - 13*q**2 + 16*q - 5. Determine g(1).
1
Let s(f) = 15*f**2 - 13254*f - 45284. Calculate s(887).
-47
Let f(a) = 2*a**3 + 132*a**2 - 3892*a - 25. Give f(-88).
1735
Let z(k) = 42254*k - 5112735. Determine z(121).
-1
Let w(l) = 3*l**3 - 111*l**2 - 150*l + 1358. Determine w(38).
-10
Let f(p) = -921*p - 69129. Give f(-75).
-54
Let b(s) = -4*s**3 - 64*s**2 - 419*s - 7885. Give b(-17).
394
Let p(y) = -2844*y - 216152. Calculate p(-76).
-8
Let w(d) = 299*d - 1235. What is w(2)?
-637
Let s(f) = 111*f + 15902. Calculate s(-144).
-82
Let d(o) = o**3 - 40*o**2 - 186*o - 393. Give d(45).
1362
Let t(p) = -164*p**2 - 57028*p + 15302. What is t(-348)?
-10
Let f(y) = 2*y**2 - 57825*y - 231345. Calculate f(-4).
-13
Let w(h) = 64*h**3 + 272*h**2 + 215*h + 879. Give w(-4).
275
Let w(f) = 19*f**3 - 1842*f**2 - 99*f + 104. Determine w(97).
-90
Let d(s) = -2*s**3 - 11*s**2 - 5*s + 5. Calculate d(5).
-545
Let u(g) = g**2 + 28031*g - 6728033. Determine u(238).
-11
Let w(v) = 756*v**3 + 63*v**2 - 11*v - 12. Determine w(-1).
-694
Let x(n) = -2*n**3 + 3190*n - 6364. What is x(2)?
0
Let q(k) = 22101*k + 22098. Calculate q(-1).
-3
Let r(a) = -a**3 - 44*a**2 + 200*a + 236. Determine r(-49).
2441
Let g(a) = -31*a**2 + 263*a - 508. What is g(3)?
2
Let h(v) = 224*v - 4138. Give h(18).
-106
Let u(n) = 7*n**2 - 17570*n - 70384. Give u(-4).
8
Let y(i) = 996*i - 19942. Calculate y(23).
2966
Let n(y) = -y**3 + 258*y**2 + 8*y - 2078. Calculate n(258).
-14
Let h(x) = x**2 - 22*x - 519. Give h(-15).
36
Let p(h) = 3*h**3 + 19*h**2 - 104*h - 610. Give p(-5).
10
Let j(n) = 9*n**2 - 392*n + 597. Calculate j(42).
9
Let z(p) = -p**2 + 46*p + 1635. Determine z(69).
48
Let w(c) = -17*c**2 - 554*c + 274. Calculate w(-33).
43
Let r(h) = -101*h - 2674. Give r(4).
-3078
Let j(o) = -2*o**2 + 31858*o - 731706. What is j(23)?
-30
Let x(j) = 2493*j - 254355. Determine x(102).
-69
Let j(b) = -1125*b + 77936. Calculate j(70).
-814
Let s(u) = -2*u**3 + 114*u**2 + 1338*u + 204. What is s(67)?
70
Let l(r) = 11904*r + 440633. Calculate l(-37).
185
Let y(g) = -g**3 + 21*g**2 - 88*g + 208. Determine y(17).
-132
Let y(z) = 6*z**3 - 529*z**2 - 408*z - 3307. Determine y(89).
-14
Let a(o) = -14*o**2 + 2638*o - 75873. What is a(153)?
15
Let j(n) = -n**3 + 39*n**2 - 392*n + 466. Determine j(22).
70
Let i(f) = 31*f**2 - 874*f - 1683. Calculate i(30).
-3
Let q(h) = h**3 + 98*h**2 + 175*h - 1599. Calculate q(-96).
33
Let d(x) = -x**3 - 558*x**2 - 3532*x + 6939. Determine d(-8).
-5
Let j(v) = 2*v**3 + 276*v**2 + 129*v - 19876. Calculate j(-137).
-11
Let u(p) = 18*p**3 + 752*p**2 - 167*p - 63. What is u(-42)?
-105
Let q(v) = -4*v**2 - 305*v + 623. Give q(-79).
-246
Let b(c) = -16474*c**2 + 32951*c - 4. Calculate b(2).
2
Let g(b) = 2*b**2 - 68*b - 3550. Determine g(62).
-78
Let j(t) = -t**3 - 1877*t**2 + 7380*t + 575. Calculate j(4).
-1
Let k(b) = -68*b**3 - 1294*b**2 - 16*b + 157. Give k(-19).
-261
Let z(y) = y**3 - 7*y**2 + 668*y - 3923. What is z(6)?
49
Let f(v) = -5*v**3 - 10*v**2 + 90*v + 787. Give f(-13).
8912
Let y(u) = -1445*u**2 + 278881*u + 761. Give y(193).
-11
Let b(l) = -l**2 + 1392*l + 58893. What is b(-41)?
140
Let m(b) = -23*b**2 + 3043*b + 24345. Determine m(-8).
-1471
Let q(v) = -160*v - 2260. Determine q(-13).
-180
Let s(d) = 3774*d - 64176. What is s(17)?
-18
Let m(x) = 3*x**3 - 976*x**2 - 2624*x + 17. Give m(328).
17
Let m(o) = o**3 - 221*o**2 - 17*o - 311. Determine m(0).
-311
Let l(o) = o**3 + 3*o**2 - 81*o + 407. Give l(0).
407
Let i(k) = -349*k - 12201. Determine i(-35).
14
Let l(c) = 6207*c + 49711. Calculate l(-8).
55
Let t(y) = 267*y + 2137. Give t(-8).
1
Let b(v) = 184*v - 105983. Calculate b(576).
1
Let b(d) = 541*d + 27060. Determine b(-50).
10
Let z(x) = -724*x + 4444. Determine z(5).
824
Let c(v) = -659*v + 116648. Give c(177).
5
Let h(x) = 1533*x - 409315. Determine h(267).
-4
Let a(q) = 11*q**2 + 784*q + 1530. What is a(-2)?
6
Let h(x) = -124*x + 32774. Determine h(246).
2270
Let s(j) = -j**2 - 1784*j - 213592. Determine s(-129).
-97
Let a(l) = 2*l**3 - 333*l**2 - 8055*l - 5474. What is a(188)?
-22
Let o(g) = g**2 + 385*g + 23725. What is o(-81)?
-899
Let g(b) = -2615*b - 504724. Give g(-193).
-29
Let b(z) = 300*z**2 - 548. Give b(0).
-548
Let t(q) = -1042*q + 5513. What is t(6)?
-739
Let n(q) = q**2 - 571*q - 78089. Give n(685).
1
Let v(x) = 38*x**3 + 3613*x**2 + 271*x - 1275. Give v(-95).
55
Let s(x) = -x**3 - 20*x**2 + 904*x + 17442. What is s(-31)?
-11
Let w(q) = -106*q**3 - 2*q**2 - 4. What is w(-2)?
836
Let n(k) = -k**3 - 65*k**2 + 41589*k + 2551812. Give n(-61).
-1
Let t(f) = f**3 + 13*f**2 + 6*f - 48. Determine t(-9).
222
Let a(f) = -2*f**3 + 24*f**2 + 14*f - 516. Give a(10).
24
Let m(k) = 106*k + 18264. Determine m(-171).
138
Let y(w) = -14*w**2 - 111*w - 139. Determine y(5).
-1044
Let v(s) = 358*s**2 + 243*s - 242. What is v(1)?
359
Let b(v) = 8*v**3 - 34*v**2 - 201*v + 7. What is